 List the prime factors of ((x - 10) + -1)*-1.
3
Let y = 69 + 42. Suppose -2*g + b = 6*b - 231, -4*b = g - y. What are the prime factors of g?
3, 41
Let r(i) = -62*i**3 - i**2 - i - 1. Let t(b) = -b**3 - 5*b**2 + 6*b - 1. Let u be t(-6). What are the prime factors of r(u)?
61
Suppose 20*c = 19*c. Suppose -3*v = w - c*w - 124, -2*w = 3*v - 128. What are the prime factors of v?
2, 5
Let a = 1066 - -1803. List the prime factors of a.
19, 151
List the prime factors of 2*(11277/54 - 4/3).
5, 83
Let c be -2 - ((0 - 4) + 0). Suppose c*a - 6 = 0, 2*a - 4*a - 319 = -i. Suppose 110 = -5*p + i. List the prime factors of p.
43
What are the prime factors of 141/47 + (2 - -2164)?
3, 241
Suppose n - 2*q + 56 = 0, 5*n - 2*q + 292 = 2*q. Let x = n + 171. List the prime factors of x.
3, 37
Suppose 9283 = 23*p - 11026. List the prime factors of p.
883
Let o(c) = -3*c**2 + 35*c + 5. Let g(w) = -4*w**2 + 53*w + 8. Let x(p) = -5*g(p) + 7*o(p). List the prime factors of x(-14).
79
Let n be (7 + -5)/1 - (0 - 1130). Suppose 29*j - n = 25*j. What are the prime factors of j?
283
Let r(c) = c**3 + 9*c**2 + 2*c + 11. Let h be r(-9). Let d = -6 - h. List the prime factors of d*(1 - -1*4).
5
Let l(p) = -2*p - 6. Let j be l(-5). Let s(f) = -f**3 + 4*f**2 + f + 1. Let o be s(3). Suppose -o - 67 = -j*b. What are the prime factors of b?
2, 5
Suppose -8*v = -32*v + 25800. List the prime factors of v.
5, 43
Suppose 1495 = 19*t - 3464. List the prime factors of t.
3, 29
What are the prime factors of (-34190)/52*(3/15 - 1)?
2, 263
Suppose 3*b - 6*b + 9 = 0. Suppose b*l = -0*l + 144. List the prime factors of l.
2, 3
Suppose 2 = -7*r + 8*r. Suppose -r*t = -3*d - 16, -3*d + 0*t - 6 = 3*t. Let j = 8 - d. What are the prime factors of j?
2, 3
Suppose -28*s + 26*s + 1178 = 0. What are the prime factors of s?
19, 31
Let n = 78 - 73. Suppose 380 + 410 = n*m. List the prime factors of m.
2, 79
Suppose 73*y - 72*y = 243. What are the prime factors of y?
3
Let y(c) = -2*c**3 - 4*c**2 + 107*c + 29. What are the prime factors of y(-12)?
5, 13
Let f = 13 + -9. Suppose f*k = 3*k + 16. Suppose 0 = 4*c - 0*c + k, 0 = -2*x + c + 66. What are the prime factors of x?
31
Let x = -212 - -1022. List the prime factors of x.
2, 3, 5
Suppose -3*n + 4*v - 31 + 263 = 0, -2*n + 4*v = -156. List the prime factors of n.
2, 19
Suppose 0 = 26*s - 21*s - 125. Let m = s + -71. Let o = -2 - m. List the prime factors of o.
2, 11
Let d(s) be the second derivative of 5*s**3/3 + 17*s**2/2 - 3*s + 11. What are the prime factors of d(14)?
157
Suppose 0 = -3*w - 4*j + 70, 4*j - 40 = -2*w - 0. Suppose -2*i + 33 = 5*u - 27, -w = -i - 5*u. What are the prime factors of i?
2, 3, 5
Let q(j) = j**2 + 9*j + 15. Let p = -19 - -22. Let f(s) = 2*s**2 + 8*s + 16. Let u(h) = p*q(h) - 2*f(h). List the prime factors of u(11).
13
Let u(f) = 3*f**3 + 13*f**2 + 23*f + 45. Let b(m) = -2*m**3 - 9*m**2 - 15*m - 30. Let v(z) = 8*b(z) + 5*u(z). List the prime factors of v(-7).
2, 5
Let x = -1893 + 3335. What are the prime factors of x?
2, 7, 103
Let v be (6 + 4 + -16)*1/(-2). Suppose -v*l = -75 + 12. What are the prime factors of l?
3, 7
Suppose 25 = -5*k, 5*o = 3*o + 5*k + 1025. What are the prime factors of o?
2, 5
Let b(t) = -8*t + 11. Let q(w) = w**3 - 5*w**2 - 15*w + 4. Let r be q(7). What are the prime factors of b(r)?
5, 7
Let m = 51 + -39. Let t(j) = -3*j - 2. Let y be t(-6). Suppose -y*k + 32 = -m*k. List the prime factors of k.
2
Suppose 4*o - 314 - 1306 = 0. What are the prime factors of o?
3, 5
Let k = 68 + 388. Let m = k + -269. What are the prime factors of m?
11, 17
Let o = 13 - 0. Let g = 6 - -20. Let l = g - o. List the prime factors of l.
13
Let g = 56 - 58. List the prime factors of (-10)/g - (-6 - 132).
11, 13
Suppose 4*x = 5*p - 1 + 2, -5*p - 4*x - 9 = 0. Let b = p - -5. Suppose d - b + 2 = 0. List the prime factors of d.
2
List the prime factors of (-37848)/(-10) - (-118)/590.
5, 757
Let l(i) = 6*i - 8*i + 0*i + 0*i + 3. Let o(n) = -6*n**2 + 1. Let c be o(-1). What are the prime factors of l(c)?
13
Let m(i) = -i**3 - 5*i**2 - 7*i - 10. Let w be m(-4). What are the prime factors of 2/(w/(-3)) + 155?
2, 19
Suppose -5*c + 2880 = 4*i, 0 = -0*c - 3*c + 12. What are the prime factors of i?
5, 11, 13
Suppose -w - 4 = -11. Let l = w - -21. Let d = l - 4. What are the prime factors of d?
2, 3
Let y = 1023 - 706. List the prime factors of y.
317
List the prime factors of (39501/252)/(6/208).
2, 11, 13, 19
Let y = 26 + 3672. List the prime factors of y.
2, 43
Let z(l) = -5*l + 11. Let d be z(2). Let c(x) = 4*x**2 + 2*x. List the prime factors of c(d).
2, 3
Let s(t) = 12*t**2 - 4*t - 8. Suppose i - 12 = 2*k - 2*i, 0 = 2*k - i + 8. List the prime factors of s(k).
2, 7
Suppose -4*y - 380 = -1560. What are the prime factors of y?
5, 59
Let w be -122 - (13/3 + 1/(-3)). What are the prime factors of (20/(-6))/(2/w)?
2, 3, 5, 7
Let p = 16 + 4. Suppose -11*i - p = -15*i. Suppose 0 = 2*h + i*r - 99, 0*h + h + r - 51 = 0. What are the prime factors of h?
2, 13
Let r = 143 - 132. Suppose r*j + 344 = 2687. List the prime factors of j.
3, 71
What are the prime factors of 1508/4 - 1 - (2 + 1)?
373
Let g = -75 + 392. What are the prime factors of g?
317
Let m(b) = 5*b**2 - 31*b + 160. List the prime factors of m(19).
2, 43
Suppose 4 = 2*v - v - 3*b, 4*b = 4*v - 16. Suppose -135 = -d - g, 0 = d + 4*d + v*g - 670. Suppose -4*k + d = k. List the prime factors of k.
2, 13
Suppose -q + 3*w + 34 = 0, 0*w = -4*q + 2*w + 166. Suppose -l + q = 5*s, 2*l - l = -4*s + 38. List the prime factors of l.
2, 3
Suppose 4*r - 6 = -5*q + 8, 0 = -2*q - r + 5. List the prime factors of (-5)/((-45)/q) + (-1724)/(-18).
2, 3
Suppose -14*n + 37765 = -n. What are the prime factors of n?
5, 7, 83
Let g(v) = 32*v**2 + 20*v + 173. What are the prime factors of g(-10)?
19, 167
Suppose -7404 = 15*r - 21879. What are the prime factors of r?
5, 193
Suppose -m - 4*s = -18, -6*m - 3*s + 16 = -4*m. Suppose k - 77 = -p, -m*k - 2*k + 324 = -4*p. What are the prime factors of k?
79
Let k(g) = -124*g + 1. Let d be k(1). Let x = 234 + d. What are the prime factors of x?
3, 37
Suppose 0 = 3*c + 3*m - 1596, 2*m - 4 + 10 = 0. Let y = c - 350. What are the prime factors of y?
5, 37
List the prime factors of 1400 - -16 - (0 - 1)*2.
2, 709
Let d = -2 + -10. Let j(k) = -k**3 - 12*k**2 + 4. Let s be j(d). Suppose s*g - 335 = -g. What are the prime factors of g?
67
Suppose -9*t - 3692 = -13*t. What are the prime factors of t?
13, 71
Let p be (21 + -6)/(-2 - (-54)/26). Suppose -4*t - p - 47 = -2*s, 15 = 3*t. List the prime factors of s.
131
Suppose -w + 3*y = -568, 2840 = -2*w + 7*w - 4*y. List the prime factors of w.
2, 71
Suppose 4*q + 8*x - 3*x = 173, 2*x + 27 = q. Suppose q = 4*k - 7. Suppose -5*m = -86 + k. What are the prime factors of m?
3, 5
Let a(s) = -11*s - 1. Let j be a(1). What are the prime factors of (-132)/(-2) + j/(-6)?
2, 17
Let z(s) = 62*s**2 - 3. Let l be z(-3). Suppose -4*m - q - q = -454, -5*q = 5*m - l. Suppose -m = -5*t - 41. What are the prime factors of t?
3, 5
Let x(a) = 6*a**2 - 2*a + 1. Let y be x(-4). Suppose -y = -v - 25. Let p = -34 + v. List the prime factors of p.
2, 23
Let t = -687 - -3201. What are the prime factors of t?
2, 3, 419
Suppose 0 = 2*v - 2, 4*n - 53 + 14 = v. What are the prime factors of (-2)/((n/8)/(-5))?
2
Let h = 891 - 396. List the prime factors of h.
3, 5, 11
Let r(n) = n + 4. Let a be r(0). Let c = -8 + a. List the prime factors of 2 + 0 - (1 + c).
5
Suppose 9*w = 11*w + 430. Let b = w + 359. What are the prime factors of b?
2, 3
Suppose -h = 2*h + 4*q - 20, 0 = 5*h + 2*q - 10. Suppose h = -6*v + 3*v + 249. What are the prime factors of v?
83
Let v(z) = -16*z - 101. What are the prime factors of v(-10)?
59
Let r = 63 + 188. What are the prime factors of r?
251
Let s = 139 - 136. Suppose 0 = -s*i + 74 + 304. List the prime factors of i.
2, 3, 7
Let r be (-528)/(-8)*(2/(-1))/(-6). Let b(v) = 4*v**3 - v**2 + v. Let x be b(1). Suppose -2*f + r = x. List the prime factors of f.
3
Let b = 10 + -5. Suppose 4*i - 4*z - 160 = -0*i, 2*i + b*z = 87. What are the prime factors of i?
41
Suppose w = 6*w + 5, -3*w + 741 = -4*l. Let b = 366 + l. List the prime factors of b.
2, 3, 5
Let b(q) = 1462*q**2 + 4*q + 5. What are the prime factors of b(-1)?
7, 11,